i be n(-16). Is i*(-1)/(-4)*4 prime?
False
Suppose 0 = z - 48 - 20. Let s(f) = -40*f - 17 - z*f - 199*f + 10. Is s(-6) a composite number?
True
Let k be (2 - 7/4)*12. Suppose 0 = -k*m - 15 + 18. Is 29 + 232 - 4/m composite?
False
Suppose a = 0, 3*y - 2*a - 4222 - 1412 = 0. Suppose -5856 + y = -2*r - z, 4*r - 4*z = 7932. Is r a prime number?
True
Suppose -1444 = 7*y - 3*y. Let j(v) = 18*v**2 + 2*v + 24. Let k be j(-6). Let s = k + y. Is s composite?
True
Let i(x) = -2*x**2 + 28*x - 19. Let c be i(13). Let l(z) = 7*z**2 + z + 21. Is l(c) a prime number?
False
Let d be (-9)/(81/(-12))*57. Let o = d + -71. Suppose -3*f - o*v = -3198, -2*f + 3*f - 2*v = 1055. Is f prime?
True
Let p(r) = -r**2 + 22*r + 16238. Let q be p(0). Let a = -9729 + q. Is a a composite number?
True
Let o = 122661 + -86182. Is o a composite number?
False
Let c be -68*5/(-20) + 3*-1. Is (c/8)/((-3)/(-2292)) a composite number?
True
Let m = 516 - 336. Let h = m - 121. Is h a composite number?
False
Suppose 0 = 222*l - 31573644 - 177070614. Is l prime?
True
Let u be (3 - 6)*(-138780)/81. Let c = u + -1743. Is c a composite number?
True
Suppose 0*k + 12*k = 79032. Suppose 0 = -2*h + 4*w + k, 10*h - 7*h - 9888 = 3*w. Is h a prime number?
True
Let n = -116 + 119. Is -2957*(n + -4 + 0) a prime number?
True
Suppose -5*q = -4*p + 63675, -3*p + 4*q = -0*p - 47755. Suppose -5*w = -15, -5*b + 3*w + 13001 + p = 0. Suppose 877 = -5*j + b. Is j a composite number?
True
Let s = 527349 - 359686. Is s composite?
False
Suppose -40095 = -4*s - 3*k, -9*k - 10028 = -s - 14*k. Let t = s - 5306. Is t prime?
False
Let r = 165485 + -6622. Is r a prime number?
True
Suppose 4*u - 2*d = 1042150, 4*u + 4*d = 5*u - 260548. Suppose -13*m - 73934 = -u. Is m a composite number?
True
Let w be ((-6)/(-18))/((-2)/78). Let l(j) = -8*j**3 - 32*j**2 - 15*j - 14. Is l(w) a prime number?
False
Is 44 + -46 - -49*(960 + 1) prime?
True
Let a(k) = 3*k**3 + 370*k**2 + 5*k - 351. Is a(-49) a prime number?
True
Let p = -16729 + 73028. Is p composite?
False
Let w(x) = 60919*x - 2051. Is w(2) a prime number?
False
Let o(k) = 112*k**3 - k**2 - 18*k - 2. Let y(g) = -37*g**3 + 6*g + 1. Let a(x) = -3*o(x) - 8*y(x). Is a(-3) a composite number?
False
Let r = -22560 + 38221. Is r a composite number?
False
Suppose 2*j - 328*w = -323*w + 506177, -3*j = 3*w - 759234. Is j a prime number?
True
Let u be 2/(-7) - 81496/(-56). Let d be -5*(-4)/(80/68). Suppose -12*b - u = -d*b. Is b a prime number?
False
Is ((-36)/54)/((-2)/(-21)*(-2)/763682) composite?
True
Let c be 0/1*((-4 - -3) + 2). Suppose -4*i - 154 = -2*k, 4*k - i - 127 - 153 = c. Is k a composite number?
True
Let a = -281 + 188. Let v be ((-171)/12 - 0)*(-8)/3. Let y = v - a. Is y composite?
False
Let l = -41 - -45. Suppose -4*z + 4 = -l*k, -z + 0*k + 26 = 4*k. Is (z/(-8))/(3/(-12)) - -1478 composite?
False
Suppose 114*u - 109*u + 15 = 0, 5*u = -2*x + 412483. Is x a prime number?
True
Suppose -2*r = -2*c - 1142670, -60*c = 2*r - 55*c - 1142642. Is r a prime number?
True
Let o = -7349 + 177. Let m = o - -22143. Is m prime?
False
Let q(z) = 16100*z**3 + 2*z**2 + 5*z - 40. Is q(3) prime?
False
Let h(n) = 28 + 25 - 345*n - 53. Let w be h(-1). Let b = w - -374. Is b composite?
False
Let c be (2626/(-4))/((-4)/8). Suppose -2*v - 6 = 0, 5*h + 2*v = -6 + 20. Suppose -h*r + c = -1683. Is r prime?
False
Let n(c) = c**2 + 5*c - 12. Let p be n(-7). Suppose -1642 - 10486 = p*g. Is (-2)/(2 + g/3028) a prime number?
True
Suppose 0 = -25*b + 38*b. Let y be 2/(678/674 + -1). Is y + b + (-4 + 12 - 4) a prime number?
False
Suppose -4140 = -10*z + 5*z. Let n = z + -336. Let t = 1277 - n. Is t a composite number?
True
Suppose 2*m - v - 2*v - 284551 = 0, 4*m + 9*v = 569057. Is m composite?
False
Let a(p) = -14*p**3 + 11*p**2 + 21*p + 51. Suppose g - 212 = -219. Is a(g) prime?
False
Let l = 215908 + -16701. Is l prime?
True
Let x = -444 - -460. Suppose -x*k + 75849 = -10727. Is k composite?
True
Suppose -5*f = 4*f - 54. Let k be (23/46)/((-1)/f). Is (k + 5)/(6/1461) composite?
False
Let g = -747004 - -1284501. Is g a prime number?
True
Let m(p) = -13*p**3 - 2*p**2 - 8*p - 1. Let g be m(-2). Suppose 23 - 9 = 2*u. Suppose 8*s + u - g = 0. Is s a prime number?
True
Suppose 345 = -13*m + 111. Is 8861*(m/9 - -3) a prime number?
True
Let y(z) = 366*z**2 - 17*z + 56. Let f be y(4). Suppose 2*i - f = -5*r, -4*i + 14*r = 10*r - 11716. Is i prime?
True
Let u(j) be the second derivative of 5*j**4/3 - j**3/2 - 7*j**2 - 31*j + 2. Is u(5) prime?
False
Let q = 723 + -719. Suppose 12*x - 17*x = q*c - 4309, 3*x = -5*c + 2575. Is x prime?
False
Let s be ((-12)/4)/((-5)/77110) - -4. Let b = 891 + s. Is b prime?
True
Let h(j) = j**3 + 9*j**2 + 10*j + 20. Let w be h(-8). Suppose 2*v + 3*v + 80 = -p, -2*v - 10 = -w*p. Is (v/(-15))/(518/517 - 1) prime?
False
Let z = 1164356 + -814299. Is z a composite number?
True
Suppose 3*t = 3*k + 57717, -4*t + 76944 = -0*k - k. Is t a prime number?
False
Suppose 473*w - 6659863 = 400*w. Is w a composite number?
True
Is (6/1 + -5)*(-4 + 93803) composite?
True
Let v be -5*((-58)/70 - 3/(-7)). Suppose -7905 = -5*w - v*c, -w - 2*w + 4743 = -2*c. Suppose 0 = -2*i + 2383 + w. Is i a composite number?
True
Let y(a) be the second derivative of -6*a**2 + 49*a + 25/6*a**3 + 0 - 1/6*a**4. Is y(10) a composite number?
True
Let h(u) = 23213*u + 180. Is h(1) composite?
True
Suppose -2*u = 2*v - 363872 - 732176, -4*v = -12. Is u prime?
False
Let u = -8064 + 11496. Suppose -7*t + 985 = -u. Suppose -5*z + 1573 = 4*l, 4*l + t = 2*z + 5*l. Is z prime?
True
Suppose 35*a - 3196909 - 23537736 = 0. Is a prime?
False
Let m be 8 - (-5)/((-5)/4). Let c be m*(-4)/8 + 1072. Let j = -283 + c. Is j a composite number?
False
Let i = 4155 + 17326. Is i composite?
False
Suppose -2*v = 3*z - 5076 + 1433, -4*z - 5422 = -3*v. Suppose -83*w = -85*w + v. Is w a composite number?
False
Let c be 58/4 - 1*3/(-6). Suppose -6*q + c = -q. Is (-4)/(-8)*q*914 a prime number?
False
Let u(y) = -y**3 + 14*y**2 + 21*y + 7. Let m be u(11). Suppose f + 98 = 5*h, h = -5*f + 172 - 714. Let o = m + f. Is o a prime number?
False
Let t = -37844 + 77109. Is t composite?
True
Suppose -g - 39*g - 439781 + 3336621 = 0. Is g composite?
False
Let q = 136 - 58. Let w = 101 - q. Is w prime?
True
Let w(h) = -368*h + 1. Let v = -86 - -75. Let s(q) = 123*q. Let a(z) = v*s(z) - 4*w(z). Is a(9) composite?
True
Let y = -1176 - -2735. Is (y - 0)*((-1)/1 + 2) a prime number?
True
Let b = -1359 + 574. Let m = b + 1998. Is m a composite number?
False
Let h be (1/2)/(3/30). Suppose 3*z - 257 = 5*v, h*z - 4*v - 422 = -2*v. Is ((-2)/8)/((-3)/z) a composite number?
False
Suppose 0 = -9*u + 298 - 64. Suppose -4*i = -3*g - 22, g - u = 6*g - 4*i. Let c(h) = -31*h**3 + h**2 + h + 1. Is c(g) prime?
True
Let y be (-6)/(-5)*166870/44. Let d = -3028 + y. Is d a composite number?
False
Suppose 0 = -a - 2, -2*g - a = 3*a - 8. Let l be 4/10*(g + -3). Suppose -2*x - 32 = -5*x + l*d, 4*d + 44 = 4*x. Is x composite?
True
Let u be (3 - 5) + 241 + -2. Let o(b) = 61*b - 485. Let j be o(8). Suppose -798 = -3*z - 3*k, -z + j*k + 33 = -u. Is z prime?
False
Suppose -y + 4*j = -14866, j = 5*y - 2*j - 74330. Is y a prime number?
False
Let b(c) = -532*c**3 - 34*c**2 - 240*c + 49. Is b(-10) prime?
False
Let y be (1401/15 - -1)*110/4. Suppose 3266 = 5*a + 2*u, -3*a + 4*u = a - y. Suppose o - a = -o. Is o a composite number?
True
Let g(m) be the third derivative of -m**4/24 + 4*m**2. Let j be g(-3). Suppose j*n = n + 358. Is n composite?
False
Suppose -5*x + x + 56 = 0. Let q(z) = 2*z**2 - 26*z - 23. Let b be q(x). Suppose 4*s - 6727 - 5620 = -b*m, 4*s = 2*m - 4922. Is m composite?
False
Let w(x) = 20*x**2 - 404*x - 215. Is w(64) prime?
True
Suppose 4*f + 230126 = 2*v, 5*v - 158714 = 2*f + 416577. Is v composite?
False
Let a(u) = 60*u**2 - 17*u + 2. Let s(x) = -61*x**2 + 17*x - 3. Let r(y) = 7*a(y) + 6*s(y). Is r(-11) a composite number?
True
Let s = -65990 - -133591. Is s composite?
False
Let r(c) = 5*c. Let j be r(-3). Let i be (81/j + 1)/(1/35). Let d = i - -5823. Is d a prime number?
True
Suppose -b - 12 = z, -4*z + z = 15. Is 9231 + (2/2)/(b/(-28)) prime?
False
Let q(k) = 1. Let l(m) = 10*m - 1. Let t(z) = -l(z) - 6*q(z). Let u be t(-2). Suppose 5579 = -8*j + u*j. Is j composite?
Fa